emainder when 5778 is divided by 77.
3
What is the remainder when 189 is divided by 66?
57
Calculate the remainder when 1922 is divided by 1918.
4
What is the remainder when 150899 is divided by 1371?
89
Calculate the remainder when 16821 is divided by 45.
36
Calculate the remainder when 120404 is divided by 15.
14
Calculate the remainder when 2407678 is divided by 40.
38
What is the remainder when 11639 is divided by 7?
5
What is the remainder when 4220 is divided by 1021?
136
What is the remainder when 86038 is divided by 216?
70
What is the remainder when 391968 is divided by 22?
16
Calculate the remainder when 65083 is divided by 334.
287
Calculate the remainder when 86982 is divided by 5794.
72
What is the remainder when 3471 is divided by 692?
11
Calculate the remainder when 27777 is divided by 63.
57
Calculate the remainder when 15731 is divided by 7775.
181
Calculate the remainder when 12676 is divided by 6337.
2
What is the remainder when 13966 is divided by 97?
95
Calculate the remainder when 18850 is divided by 303.
64
Calculate the remainder when 17980 is divided by 385.
270
What is the remainder when 30086 is divided by 20?
6
Calculate the remainder when 97851 is divided by 2386.
25
Calculate the remainder when 914870 is divided by 69.
68
Calculate the remainder when 62072 is divided by 8867.
3
What is the remainder when 62154 is divided by 2?
0
What is the remainder when 1014673 is divided by 815?
813
What is the remainder when 2351891 is divided by 1365?
1361
Calculate the remainder when 16058 is divided by 328.
314
Calculate the remainder when 49412 is divided by 12.
8
What is the remainder when 66453 is divided by 104?
101
Calculate the remainder when 3932 is divided by 73.
63
What is the remainder when 11738 is divided by 2347?
3
Calculate the remainder when 10096 is divided by 1004.
56
What is the remainder when 200626 is divided by 33428?
58
What is the remainder when 12151 is divided by 2025?
1
What is the remainder when 10024 is divided by 418?
410
What is the remainder when 22062 is divided by 7?
5
What is the remainder when 119507 is divided by 13?
11
Calculate the remainder when 2652 is divided by 212.
108
Calculate the remainder when 36857 is divided by 2630.
37
Calculate the remainder when 8682 is divided by 2869.
75
Calculate the remainder when 23731 is divided by 1186.
11
What is the remainder when 276839 is divided by 1858?
1855
Calculate the remainder when 1410 is divided by 282.
0
What is the remainder when 119034 is divided by 60?
54
Calculate the remainder when 2900 is divided by 85.
10
What is the remainder when 28619 is divided by 29?
25
Calculate the remainder when 235642 is divided by 685.
2
What is the remainder when 23526 is divided by 841?
819
What is the remainder when 448558 is divided by 360?
358
Calculate the remainder when 7057 is divided by 32.
17
What is the remainder when 6652 is divided by 1660?
12
Calculate the remainder when 791556 is divided by 19.
16
What is the remainder when 69771 is divided by 63?
30
What is the remainder when 181669 is divided by 215?
209
What is the remainder when 9010 is divided by 300?
10
What is the remainder when 910 is divided by 96?
46
Calculate the remainder when 623 is divided by 39.
38
What is the remainder when 2297 is divided by 258?
233
Calculate the remainder when 1077 is divided by 50.
27
What is the remainder when 82309 is divided by 18?
13
Calculate the remainder when 44677 is divided by 11.
6
What is the remainder when 1978 is divided by 817?
344
Calculate the remainder when 165412 is divided by 27559.
58
Calculate the remainder when 748 is divided by 676.
72
What is the remainder when 1599947 is divided by 98?
97
What is the remainder when 178515 is divided by 89252?
11
Calculate the remainder when 6066 is divided by 991.
120
Calculate the remainder when 3027 is divided by 565.
202
What is the remainder when 17269 is divided by 3444?
49
Calculate the remainder when 5273 is divided by 351.
8
What is the remainder when 25899 is divided by 781?
126
What is the remainder when 12382 is divided by 1376?
1374
Calculate the remainder when 16369 is divided by 5423.
100
Calculate the remainder when 13033 is divided by 266.
265
What is the remainder when 334 is divided by 161?
12
What is the remainder when 57420 is divided by 19140?
0
What is the remainder when 11291 is divided by 11280?
11
What is the remainder when 2996 is divided by 44?
4
What is the remainder when 301479 is divided by 49?
31
What is the remainder when 42325 is divided by 9?
7
Calculate the remainder when 151989 is divided by 894.
9
What is the remainder when 416 is divided by 32?
0
Calculate the remainder when 4797 is divided by 107.
89
What is the remainder when 594 is divided by 7?
6
Calculate the remainder when 12781 is divided by 6259.
263
What is the remainder when 8339 is divided by 366?
287
What is the remainder when 84508 is divided by 650?
8
What is the remainder when 1340219 is divided by 14?
13
Calculate the remainder when 172629 is divided by 28.
9
What is the remainder when 5747 is divided by 383?
2
Calculate the remainder when 1478 is divided by 546.
386
Calculate the remainder when 4204 is divided by 4192.
12
What is the remainder when 122 is divided by 41?
40
What is the remainder when 176621 is divided by 16?
13
What is the remainder when 24587 is divided by 29?
24
What is the remainder when 8537 is divided by 111?
101
What is the remainder when 65662 is divided by 108?
106
Calculate the remainder when 1862 is divided by 371.
7
What is the remainder when 20200 is divided by 121?
114
What is the remainder when 20282 is divided by 67?
48
Calculate the remainder when 2660 is divided by 30.
20
What is the remainder when 3154 is divided by 1191?
772
Calculate the remainder when 470804 is divided by 11.
4
Calculate the remainder when 116429 is divided by 19.
16
What is the remainder when 219 is divided by 74?
71
Calculate the remainder when 74917 is divided by 232.
213
Calculate the remainder when 33122 is divided by 11035.
17
What is the remainder when 286239 is divided by 80?
79
Calculate the remainder when 58052 is divided by 754.
748
Calculate the remainder when 4675 is divided by 519.
4
Calculate the remainder when 4200 is divided by 845.
820
Calculate the remainder when 109108 is divided by 2661.
7
What is the remainder when 3441 is divided by 148?
37
What is the remainder when 3438 is divided by 170?
38
What is the remainder when 101250 is divided by 12643?
106
Calculate the remainder when 2279 is divided by 455.
4
What is the remainder when 136627 is divided by 19?
17
Calculate the remainder when 11726 is divided by 9.
8
What is the remainder when 18379 is divided by 101?
98
Calculate the remainder when 50911 is divided by 688.
687
Calculate the remainder when 178722 is divided by 4468.
2
What is the remainder when 57 is divided by 30?
27
Calculate the remainder when 94092 is divided by 59.
46
What is the remainder when 218918 is divided by 266?
0
Calculate the remainder when 3258 is divided by 22.
2
Calculate the remainder when 4851 is divided by 219.
33
What is the remainder when 92378 is divided by 30736?
170
What is the remainder when 25841 is divided by 118?
117
Calculate the remainder when 30586 is divided by 7.
3
Calculate the remainder when 1852 is divided by 1823.
29
What is the remainder when 11572 is divided by 3802?
166
Calculate the remainder when 171698 is divided by 3.
2
Calculate the remainder when 1224 is divided by 27.
9
Calculate the remainder when 620 is divided by 293.
34
What is the remainder when 15603 is divided by 26?
3
What is the remainder when 274360 is divided by 22856?
88
What is the remainder when 20378 is divided by 4074?
8
What is the remainder when 439482 is divided by 78?
30
What is the remainder when 12205 is divided by 382?
363
Calculate the remainder when 2817 is divided by 27.
9
What is the remainder when 37 is divided by 37?
0
What is the remainder when 12718 is divided by 12713?
5
What is the remainder when 177523 is divided by 4?
3
Calculate the remainder when 2077435 is divided by 14.
3
Calculate the remainder when 980 is divided by 302.
74
Calculate the remainder when 397 is divided by 236.
161
Calculate the remainder when 8